 67*q = 2*v + 1989, 4*q - 7965 = -v. What are the prime factors of q?
11, 181
Suppose -455 = -9*a - 4*a. List the prime factors of a.
5, 7
Suppose 582 = 7*v + 50. What are the prime factors of 1*(v/6)/((-6)/(-18))?
2, 19
List the prime factors of 5/4 + 363486/232.
2, 7
Suppose 10*l = 39 + 11. Let c = l + 52. List the prime factors of c.
3, 19
Let w(i) = -9*i**3 + 5*i**2 - 31*i - 39. Let x(l) = -5*l**3 + 2*l**2 - 16*l - 20. Let m(u) = -6*w(u) + 11*x(u). List the prime factors of m(-10).
2, 3, 19
Let a = 15 + 88. Let m = -58 + a. List the prime factors of m.
3, 5
Let v(p) = p - 7. Let g be v(8). Let b = -33 - -29. What are the prime factors of (-96)/b + (-1 - g)?
2, 11
Let p(s) = -2*s**2 + 20*s + 4. Let r(i) = 2*i - 5. Let n be r(6). List the prime factors of p(n).
2, 23
Let a(w) = -w**2 - 13*w - 12. Let v be a(-12). Suppose v = -c, 4*r + 12 = -6*c + 4*c. List the prime factors of ((-11)/1)/(r/3).
11
Let o = 429 + -247. Suppose -o = -3*c - 35. List the prime factors of c.
7
Let g(d) = 45*d**2 + 6*d + 15. List the prime factors of g(-3).
2, 3, 67
Let r(b) = b**3 - 2*b**2 - b + 2156. List the prime factors of r(0).
2, 7, 11
Suppose -6*p + 9 = -3. Suppose 5*k - 191 = r, -p*k + 98 = 4*r + 26. List the prime factors of k.
2, 19
Suppose 2*q - 10185 = -13*q. List the prime factors of q.
7, 97
Let y(o) = o**2 + 3. Let d = -7 - -7. Let c be y(d). Let z(s) = s + 1. List the prime factors of z(c).
2
Let j = 9 - 6. Suppose i + j*d = 78, i + 3*d - 153 = -i. Suppose -2*o + 47 + i = 0. What are the prime factors of o?
61
Let q(o) = -85*o + 667. What are the prime factors of q(-21)?
2, 613
Let k(s) = 46*s**2 - s - 2. Let p = -45 + 44. List the prime factors of k(p).
3, 5
Suppose 5*n = -2*r - r + 87, -64 = -4*n - r. Let u be (-6)/n - 184/(-10). Suppose t + u = 2*t. What are the prime factors of t?
2, 3
Let j(v) = 2*v**2 - 10*v - 14. Let a(r) = -4*r - 18. Let m be a(-6). Let g be j(m). What are the prime factors of -6 - g - (-3 - 25)?
2, 3
Let h = 3622 + -1881. What are the prime factors of h?
1741
Suppose 2*m = 5*n - 9647, 1930 = n - m - 0*m. What are the prime factors of n?
3, 643
Suppose -46 + 48 = u, 0 = -4*c - 4*u + 2012. What are the prime factors of c?
3, 167
Let i = 886 - 215. List the prime factors of i.
11, 61
Let r be (-2 - 1)*(32/(-6) - -3). Suppose 9*h - r*h - 18 = 0. List the prime factors of h.
3
Let v(d) = -d**3 - 6*d**2 + 10*d - 4. Let f be (4 - 0)*(1 - 3). List the prime factors of v(f).
2, 11
Let d(z) = 9*z**2 - 3*z + 3. Let o = -1 - -3. Suppose -4 = -v - o. List the prime factors of d(v).
3, 11
Suppose 0 = -5*s - 13*s + 9180. What are the prime factors of s?
2, 3, 5, 17
Suppose -3*i = -8*i. Suppose i = 2*z - p + 9, 3*z - 2*p = -0*z - 15. Let w(m) = 2*m**2 + 3*m - 4. What are the prime factors of w(z)?
5
Let p = 86 - 58. Suppose -4*v = 2*d - p, -2*d + 12 = 3*v - 13. What are the prime factors of d?
2
Suppose -7*p = -12*p + 15. Suppose -p*y - 93 = 21. Let r = -7 - y. List the prime factors of r.
31
List the prime factors of 14/(-10) - 181888/(-145).
7, 179
List the prime factors of (28*8/(-80))/((-1)/365).
2, 7, 73
Let n = 22 - 3. Let k = 14 - n. List the prime factors of k/(15/12) + 29.
5
Let r be (-2 - 24/15)*-10. Let d = r + -33. Suppose -d*c - 120 = -5*c. List the prime factors of c.
2, 3, 5
List the prime factors of -1*-586*1/2.
293
Suppose 9*z + 8946 = 51*z. List the prime factors of z.
3, 71
Let q(u) be the first derivative of u**4/12 + 13*u**3/6 + 7*u**2 - 10*u - 5. Let n(b) be the first derivative of q(b). What are the prime factors of n(-12)?
2
Let o = -22 - -27. Let a be o/((-15)/6) + 5. Suppose 0 = -3*d - 3*b + 174, 2*d + a*b - 141 = 6*b. List the prime factors of d.
3, 7
Let h = 5 + 3. Suppose x - 4 = -h. Let r(d) = d**3 + 4*d**2 - 5*d + 3. List the prime factors of r(x).
23
Suppose -2*g = -2*b - 7*g - 32, -5*b = 4*g + 63. Let q be 284/(-6) + (-4)/6. Let s = b - q. What are the prime factors of s?
37
Suppose 4*r - c - 711 = 1144, 0 = 4*r + 5*c - 1861. List the prime factors of r.
2, 29
Let t = 16 + 15. Suppose -31 - t = -2*p. Suppose 4*d - d - 4*n - p = 0, -20 = -4*n. List the prime factors of d.
17
Let x(u) = 10*u**3 - 6*u**2 + 4*u + 1. List the prime factors of x(4).
3, 11, 17
Suppose -14 - 44 = -2*c. Suppose k - 83 = y, -5*y - c - 152 = -2*k. List the prime factors of k.
2, 3, 13
Suppose -2*a + 6 = 4*u - 2*u, -4*a - 3 = u. What are the prime factors of (-2 - a) + (-6 - -3 - -65)?
2, 31
Suppose -6*n = -3*n + 330. Let m = 156 + n. List the prime factors of m.
2, 23
List the prime factors of 6/12*(1 + 2 + 1041).
2, 3, 29
Let w = -279 - -1064. Suppose 5*k - w = -0*k. List the prime factors of k.
157
Suppose 4*c + 4*k = 4640, 4*c + 3*k = 7*k + 4664. List the prime factors of c.
1163
Let w(j) = -j**2 + 10*j + 9. Let s = -10 - -4. Let p be w(s). Let d = -40 - p. What are the prime factors of d?
47
Suppose 2*z - 5*s - 15 = -1, 0 = 3*z - 3*s - 30. Let n be (-2)/((7/z)/(-7)). Suppose 84 = 2*p + n. List the prime factors of p.
2, 3, 5
Suppose 1852 = -9*z + 15541. What are the prime factors of z?
3, 13
List the prime factors of (-7 + (-32)/(-2))/(3/73).
3, 73
Suppose -15*o + 2*h + 874 = -14*o, 0 = -4*o + h + 3475. What are the prime factors of o?
2, 7, 31
Let q = 1008 + -595. List the prime factors of q.
7, 59
Let n = 18 + -21. What are the prime factors of 8*n/(-4)*(-82)/(-6)?
2, 41
Let t = 1231 - 417. List the prime factors of t.
2, 11, 37
Let g = 793 + -134. List the prime factors of g.
659
Suppose -5*o = -4*f - 25058, 4*o + 2*f = 23070 - 3008. What are the prime factors of o?
2, 23, 109
Let d = -29 + 34. Suppose -5*o - i = -347, -d*i + 5 + 5 = 0. Suppose 193 = 5*c + m, -5*c - 3*m + 120 = -o. List the prime factors of c.
3, 13
Let v(n) = -32*n**3 - 4*n**2 + 5*n + 5. List the prime factors of v(-3).
2, 409
Suppose -3*f + 5*p = -2*f - 72, -4*p - 144 = -2*f. Suppose q = f + 32. List the prime factors of q.
2, 13
Let l(o) = 7*o**3 + o. Let r be l(1). Suppose r*h = 3*h + 345. Let f = h + -39. What are the prime factors of f?
2, 3, 5
Let t(m) = 5*m**2 + 11*m - 3. What are the prime factors of t(-13)?
3, 233
Let s(t) = -3*t**2 - 2 + 2*t**3 + 0*t**3 + t**3 - 4*t**3 + t. What are the prime factors of s(-5)?
43
Let v(h) = h - 2. Let w be v(8). Let i(o) = 9*o + 10. What are the prime factors of i(w)?
2
Let i = -19 + 26. Let a(d) = d**2 - 6*d - 7. Let t be a(i). Suppose t = -6*y + 3*y + 183. List the prime factors of y.
61
List the prime factors of (-4)/(-8) - 1/(4/(-9762)).
2441
Suppose 3*x - 6 = 3. Suppose 2*o - 7 = x*o. What are the prime factors of 26/2 - (4 + o)?
2
Let b(o) = 27*o - 60. Let u be b(8). Let z = u - -42. What are the prime factors of z?
2, 3, 11
Suppose 2*t - 1 = 3*y, 5*t + 4*y = -8 - 1. List the prime factors of t/(-4 - 175/(-45)).
3
Suppose 0 = 4*q - 5*o - 9864, -19*o + 15*o = 0. List the prime factors of q.
2, 3, 137
Suppose -5*i + c + 4116 = 0, -5*c + 557 + 287 = i. List the prime factors of i.
2, 103
Let n(x) = 2*x**3 - 15*x**2 + 67*x - 20. What are the prime factors of n(11)?
2, 17, 23
Suppose 3*k - 2641 = -5*t, 0*k + t + 1765 = 2*k. What are the prime factors of k?
2, 3, 7
Suppose 4*y - 76 = 4*i, 23 = -2*y + 4*y - 5*i. Let v be 94/(-6) + 1/(-3). Let o = y + v. List the prime factors of o.
2
Suppose v - 128 = 17. Let h = -27 + 74. Suppose 4*b - h = v. List the prime factors of b.
2, 3
List the prime factors of (559/3)/((-26)/(-78)).
13, 43
Suppose 0 = -13*q + 6*q + 21. Suppose q*p - 208 = p. List the prime factors of p.
2, 13
Suppose 5*u - 7*u = -4, 0 = 2*h - 2*u - 3552. List the prime factors of h.
2, 7, 127
Let f(w) be the first derivative of -w**4/4 - w**3/3 - w**2/2 - 13*w - 1. Let l be f(0). Let r = l - -33. What are the prime factors of r?
2, 5
Let m = 67 + -254. Let f = 288 + m. List the prime factors of f.
101
Let l(a) be the second derivative of -a**3 + 151*a**2/2 + 16*a. What are the prime factors of l(0)?
151
Suppose 3*i - 2*i + 35 = 4*b, 2*i = 4*b - 30. Suppose b*v - 4*c = 5*v + 72, 8 = 4*c. Suppose t + v = 2*t. List the prime factors of t.
2
Let k be (-2)/(-4) - 1130/(-4). Let v = k - 159. What are the prime factors of v?
2, 31
Let s(k) = 39*k - 23. List the prime factors of s(10).
367
Let a = -51 - -55. Suppose -a*o + z = -69, 3*z + 47 = o + o. What are the prime factors of o?
2
Suppose -4*l + 3*p = -648, -